**2 - 2*p - 2. What is the remainder when z is divided by u(-3)?
10
Suppose -6*p + 3*p = -24. Suppose -4*f = -p - 12. Suppose 15 = -f*x, 2*x = r - 3*x - 58. Calculate the remainder when r is divided by 15.
13
Let l(h) = -h**3 - 3*h**2 + 3*h - 7. Calculate the remainder when l(-5) is divided by -17*-1*(-6 - -7).
11
Suppose 74*g = 79*g - 70. Suppose 3*a = x - g, 5*x - 6*x + 5*a = -16. Calculate the remainder when 29 is divided by x.
7
Let d = -124 + 145. What is the remainder when 486/(-4)*(-6)/9 is divided by d?
18
Let j = 746 + -700. Calculate the remainder when j is divided by 18.
10
Let l be (10/4)/(7/(-70)). Let o = l + 28. Suppose -o*z + 4 = -38. What is the remainder when z is divided by 4?
2
Suppose -4*z - 84 = -4*r, 3*z = -5*r - 98 + 195. Calculate the remainder when 30 is divided by r.
10
Let w(u) = 23*u**2 - u + 2. What is the remainder when 41 is divided by w(1)?
17
Let t = 306 - 249. What is the remainder when 219 is divided by t?
48
Let f(r) = 5*r**2 - 1. Let g(y) = -y - 6. Let n be g(-5). Let k be f(n). Suppose -k*i + 22 = 10, 148 = 4*l - 4*i. What is the remainder when l is divided by 14?
12
Let x be 28*(-1 + 0)/(-2). Suppose 0 = -2*j + x + 6. What is the remainder when 38 is divided by j?
8
What is the remainder when 188 is divided by (-406)/87*(-18)/7?
8
Let h(p) = -13*p + 26. Let m(b) = 21*b - 14*b - 3 - 10. Let j(o) = -3*h(o) - 5*m(o). What is the remainder when j(10) is divided by 14?
13
Suppose -101*o + 98*o - 189 = 0. Calculate the remainder when (-1183)/o + (-4)/(-18) is divided by 6.
1
Let n = -5 - -17. Let q = n - 12. Suppose 0 = -q*o - o + 3. What is the remainder when 13 is divided by o?
1
Let t(n) = -n**2 - n - 1. Let j be t(0). Let b = 1 - j. Suppose -2*u - b*a - 41 = -103, -5*u + 143 = a. What is the remainder when 109 is divided by u?
25
Let o(z) = -z**3 + 7*z**2 - 9*z. Let x be o(5). Suppose x*m - 78 + 2 = -b, -m - 5*b = -20. Calculate the remainder when 86 is divided by m.
11
Let c(h) = -h + 3. Let f be c(12). Let n be (-3)/f - 1221/(-9). Suppose 0 = -l - 3*w + 22, n = -l + 4*l - 5*w. Calculate the remainder when l is divided by 10.
7
Let r = -37 + 34. Suppose -3*s + 120 = 2*s. Calculate the remainder when s is divided by ((-130)/(-15))/((-2)/r).
11
Suppose y = -y + 20. What is the remainder when 52 + (4 - (-3 + 0)) is divided by y?
9
Suppose -12 = -5*a + 2*f, 2*f = -2*a + 1 + 1. Suppose 0 = 5*n - 3 - a. What is the remainder when 4 is divided by n?
0
Let u(x) = x**2 - 12*x - 8. What is the remainder when 35 is divided by u(13)?
0
What is the remainder when 500/25 - (2 + -2) is divided by 10?
0
Suppose 2*p - 26 = 78. Calculate the remainder when p is divided by (-4 - -17) + 2/2.
10
Let t(a) = 9*a + 81. What is the remainder when 54 is divided by t(-7)?
0
Suppose u = -2*u. Suppose -5*r + 3 + 47 = u. Suppose 3*a + 0 = 2*m - r, -m + 6 = -2*a. Calculate the remainder when 2 is divided by m.
0
Let w = -392 + 698. Suppose 51 = 3*m + w. Let j = 151 + m. What is the remainder when j is divided by 17?
15
Suppose m - 36 = 44. Let k = m - -14. Calculate the remainder when k is divided by 24.
22
Let x(d) = 33*d - 15. Calculate the remainder when x(4) is divided by 21.
12
Let i(a) = a**3 - 9*a**2 + a - 8. Let y be i(5). Let m = -55 - y. What is the remainder when m is divided by 17?
14
Suppose 0 = 3*x + 39 + 6. What is the remainder when (-1317)/(-15) - 3/x is divided by 30?
28
Let f be (2/4)/(1/(-236)). Let l = f + 215. Calculate the remainder when l is divided by 25.
22
Suppose -3*p - p + 292 = 0. Let b(z) = -24*z - 863. Calculate the remainder when p is divided by b(-37).
23
Calculate the remainder when 188 is divided by (-261)/(-36) + (-6)/(-8).
4
Suppose -5*n = -n - 2*d - 138, -5*d = 4*n - 145. What is the remainder when 944 is divided by n?
34
What is the remainder when 79 is divided by 16*10/(-30)*(-3 - 0)?
15
Suppose -4*m + 1 + 41 = 2*t, -4*m + 93 = 5*t. Let s(a) = 11*a + 12. Calculate the remainder when s(3) is divided by t.
11
Let f(g) = 7*g**2 + 13*g - 11. Let z(b) = -b**2 + 1. Let m(v) = f(v) + 5*z(v). Calculate the remainder when m(-10) is divided by (66/(-9))/((-2)/6).
20
Let s(o) = -37*o - 819. Let j = -16 - -25. What is the remainder when s(-23) is divided by j?
5
Let h = 1933 + -1692. Calculate the remainder when h is divided by 75.
16
Suppose -4*k + 6 = -k. Let y be (2 - (4 - -3))/(-1). Suppose k*r + y - 31 = 0. Calculate the remainder when 50 is divided by r.
11
Let c be 1/7 + (-12)/84. Suppose 2*k + 5*i + 21 - 129 = c, 4*i = 3*k - 116. Calculate the remainder when k is divided by 8.
4
Let g = 34 - 19. What is the remainder when 36 - (-2)/(-4 + (4 - -1)) is divided by g?
8
Let m(r) = 81*r - 210. What is the remainder when 1712 is divided by m(3)?
29
Suppose -3*m = -6*m + 3, -2*t + m + 9 = 0. Suppose -2730 = -t*l + 5*b, -431 = -l - 4*b + 115. Calculate the remainder when (-6)/9 + l/9 is divided by 16.
12
Let a = 17 - 13. Suppose -a*j - 6 = x, 2*x + 1 + 3 = -4*j. What is the remainder when 39 is divided by -3 + 5 + j - -14?
11
Suppose 3*d - 5*d = -v - 105, 4*d + 4*v = 192. What is the remainder when d is divided by 1*(-2 - -17) + -2?
12
Suppose 104*a - 100*a = 212. What is the remainder when a is divided by 21?
11
Suppose -5*n + 25 = -j - 3*j, 5*j + 10 = 2*n. Suppose -5*q + 0*y + y + 207 = j, -2*q + 5*y + 92 = 0. Calculate the remainder when 79 is divided by q.
38
Let i(z) = 3*z**2 + 2*z - 1. Let j be i(1). What is the remainder when 77 is divided by (-58)/(-3) - j/(-6)?
17
What is the remainder when 130 is divided by 3/(-5)*60/(-45)*15?
10
Let f = -1 - -1. Let n = 69 - 66. Suppose f = 3*c - n, 1 = -k - 3*c + 16. Calculate the remainder when 47 is divided by k.
11
Let i = 511 - 481. Calculate the remainder when 178 is divided by i.
28
Suppose 2*h = 5*y - 36, 2 = -4*h - 10. Suppose 23 = 5*t + 4*u, -5*t - 3*u + 3 = -y*t. Let g = 10 + t. Calculate the remainder when 36 is divided by g.
10
Let s(m) = 5*m**2 + 1. Let n(i) = -i + 5. Let y be n(0). Suppose 3*c - 8*c + 95 = y*w, 4*c + 16 = 0. Calculate the remainder when w is divided by s(1).
5
Let x = 98 + -73. Suppose 3*s + l = 63, l + x = 2*s - s. Calculate the remainder when 153 is divided by s.
21
Suppose -957 = -17*a + 6*a. What is the remainder when a is divided by 41?
5
Let u = -393 - -554. Let a = u + -96. Let d = -18 + 35. Calculate the remainder when a is divided by d.
14
Let i = 37 - 10. Let b = 14 - -37. Calculate the remainder when b is divided by i.
24
Let g be 310/(-8) - (-3)/(-12). Let x = g + 48. What is the remainder when x is divided by 2?
1
Suppose 30 = -4*k + 50. What is the remainder when 30 is divided by k?
0
Suppose 1109 + 439 = 4*f. Let x = -260 + f. Calculate the remainder when x is divided by 16.
15
Let k(v) = -5*v**2 - 121*v - 5. Suppose 5*w - 32 = 2*m + 26, 3*w = m + 34. What is the remainder when k(-24) is divided by w?
9
Let k be (-362)/6 + 3/9. Let p = 43 + -30. What is the remainder when 4/30 + (-2272)/k is divided by p?
12
Let g(b) = -b**2 - 20*b + 120. Calculate the remainder when 1366 is divided by g(-24).
22
Suppose -45 = m + 4*f, 3*m + m + 180 = -4*f. Let b = m - -68. What is the remainder when b is divided by 13?
10
Suppose 166*r - 162*r - 472 = 0. Calculate the remainder when r is divided by 15.
13
Suppose -140 = -2*q - 2*k, -5*k + 33 = -2*q + 194. Calculate the remainder when q is divided by 14 + -6 - (170/(-5))/2.
23
Let t(o) = 112*o**2 + 19*o + 77. Calculate the remainder when t(-5) is divided by 87.
85
Let m = -12 - -22. Suppose 0 = 3*j + 14 + 1, -5*g + 3*j + 200 = 0. Calculate the remainder when g is divided by m.
7
Suppose 3*d - 615 = -3*u + 423, 4*u - 1396 = 2*d. Calculate the remainder when u is divided by 16.
12
Let c = -16 - -38. Calculate the remainder when 61 is divided by c.
17
Let q be (-6)/12 - 2/(-4). Let c = q - -25. What is the remainder when 97 is divided by c?
22
Suppose 3*m - 41 = -q, -5*q + 34 = 3*m - 111. Let y(j) = -j**2 - 50*j + 153. Calculate the remainder when y(-50) is divided by q.
23
Suppose -70*h = -65*h + 15, -4*c + 96 = 4*h. Calculate the remainder when 78 is divided by c.
24
Let i = -13 - -24. Let x = 822 + -748. Calculate the remainder when x is divided by i.
8
Let a = 241 - 228. What is the remainder when 50 is divided by a?
11
Suppose -5*b = -3*k + 27, 5*k - 6 = -4*b + 2. Let f be 4 +